ppose 0*r = f*r - 48. List the prime factors of (-30)/(-4) - 6/r.
7
Let x(k) = k**3 + 58*k**2 + 37*k - 18. What are the prime factors of x(-56)?
2, 3, 17, 41
Let m be (-1092)/(-3) - (-4 - (-2)/2). Suppose m = w - 505. Suppose 10*p = 2*p + w. List the prime factors of p.
109
Let d = 151 + -124. Suppose -24*i - 45 = -d*i. What are the prime factors of i?
3, 5
Let r(t) = t**3 - 8*t**2 - 13*t - 2. Suppose 2*c = x, 2*x - x + 4*c - 12 = 0. Suppose 0 = -x*k - 30 + 70. List the prime factors of r(k).
2, 17
Suppose 0 = -3602*y + 3597*y + 22045. List the prime factors of y.
4409
Let c(v) = -4*v + 29 + 5*v - 15. Let l be c(6). What are the prime factors of (-5)/(l/12) - -38*3?
3, 37
Let l = 378 - 634. Let s = l + 920. Suppose s = -r + 9*r. List the prime factors of r.
83
Suppose 3*p + 5 = j, -4*j + 1 = 3*p - 4. Suppose -4*l = 2*b - 1010, 3 - 11 = -j*l. List the prime factors of b.
7, 71
Suppose -29*u - 4848 = -35*u. List the prime factors of u.
2, 101
Let n be (-113)/(-2) - ((-18)/12)/(-3). Suppose 4*g = n + 64. Suppose 32*l - g*l - 92 = 0. List the prime factors of l.
2, 23
Let o be -8*((-15)/(-36) - 2/(-6)). Let p be ((-428)/(-6))/(o/18). Let x = -31 - p. List the prime factors of x.
3, 61
Suppose -4*h + 309 = 5*i + 38, -4*i = -4*h + 316. Let t = h + -14. Suppose -t + 384 = 4*k. What are the prime factors of k?
3
Suppose 6 = 2*k - 3*k + 4*r, -4*k + 2*r + 4 = 0. Suppose 3*f + 5*l - 27 = 42, 0 = 4*f - k*l - 118. Let d = 162 - f. List the prime factors of d.
2, 67
Let o = 5431 + 2636. List the prime factors of o.
3, 2689
Suppose 16*l - 44*l = -196. What are the prime factors of l + -14 - -13 - -251?
257
Let i(n) = -15*n**2 + 4*n + 21*n**2 + 1 - 2*n**2 - 8. List the prime factors of i(-6).
113
Let g(r) = 2*r**2 + 12*r - 1. Let l be g(-6). What are the prime factors of 24/(-56) + 5976/28 + l?
2, 53
Let l(w) = w**3 + 21*w**2 - 20*w + 44. Let q be l(-22). Suppose q = 4*g - 5*h - 2421, -2*g + 329 + 877 = 2*h. List the prime factors of g.
2, 151
Let h(z) = -z + 18. Let x(g) = -2*g + 27. Let y(w) = 7*h(w) - 5*x(w). Let p be y(9). Let v(c) = 2*c - 10. What are the prime factors of v(p)?
2, 13
Let w(i) = 5*i**3 + 10*i**2 - 30*i - 7. Let o(g) = g**3 - g**2 - 1. Let a(u) = 4*o(u) - w(u). List the prime factors of a(-17).
2, 3, 5
Let d = -151 + 156. Let p(o) = 3*o**3 - 3*o**2 + 5*o - 2. List the prime factors of p(d).
17, 19
Let k be 2 - 5 - (0 + -1). Suppose 108 = -10*t + 19*t. What are the prime factors of (t/30)/(k/10) - -51?
7
Suppose -m + 8 = -4*d, 2*d - 2*m + 2 = -2. Let a be ((-6)/4)/(d/(-4)) - -202. Suppose 2*g - 85 = -0*k - 5*k, -5*g + a = -k. List the prime factors of g.
2, 5
Suppose -3*g - 10 = -u, 5*u = u + 3*g + 22. Suppose -3*l = 3*b - 480, b - 4*l = u + 136. Let v = -38 + b. What are the prime factors of v?
2, 59
Let f = 9 + -19. Suppose 40*c + 1571 - 9691 = 0. Let j = f + c. What are the prime factors of j?
193
Let o(u) = 4*u**3 + 4*u. Suppose -3*j - 4*s + 9 = 0, j + s - 4*s - 3 = 0. Let k be o(j). Let b = k - 70. What are the prime factors of b?
2, 5
Suppose -10*o + 8*o = 12. Let n(m) = m**3 + 5*m**2 - 9*m - 10. Let z be n(o). Suppose -2*i - z = 5*d - 1, -3*d - 51 = -4*i. What are the prime factors of i?
3
Let v(r) = 7*r - 1. Let q be v(1). Suppose 0 = 3*x - 15, -5*x = -2*d - 6*x + 11. Suppose -3*f = z - 84, q - 282 = -d*z - f. What are the prime factors of z?
3, 31
List the prime factors of ((-14)/(-4))/((-174)/(-1053048)).
2, 7, 17, 89
Let c be ((-108)/(-18))/(6/44). Let z(k) = 17*k + 231. What are the prime factors of z(c)?
11, 89
Suppose h - 4*s - 70812 = 0, 5*h + 2577*s = 2572*s + 353910. What are the prime factors of h?
2, 3, 17, 347
Suppose -23 + 7 = -4*f. Suppose -2*d + 49 = -5*a, -d + f = 5*a + 2. Let p = 12 + d. What are the prime factors of p?
29
Let c(o) = -2*o - 3. Let g = 2 - -20. Suppose g*a - 25*a = 21. What are the prime factors of c(a)?
11
Let s = 12559 + -7010. What are the prime factors of s?
31, 179
Let z(s) = s**2 - 9*s - 6. Let r be -12 + -3 + ((-20)/4 - -4). What are the prime factors of z(r)?
2, 197
Suppose 3*p - 15 = 0, 0 = -0*j + j + 5*p - 22. What are the prime factors of ((-1118)/j)/((-10)/(-15))?
13, 43
Let i = 14664 + -6109. List the prime factors of i.
5, 29, 59
Suppose 19 + 73 = 4*n - 3*b, -64 = -3*n + b. Let p be ((-150)/n)/(6/(-4)). Suppose p*x - 255 - 164 = 3*m, -m + 325 = 4*x. List the prime factors of x.
2, 41
Suppose f - z = 3850, 3*f - 81*z = -85*z + 11585. What are the prime factors of f?
3, 5, 257
Let w(q) = -q**3 - 37*q**2 - 7*q - 33. Let g be w(-37). Suppose 3*d + 1993 = 5*t, 2*d = -0*t - 2*t + 794. Let c = t - g. List the prime factors of c.
2, 43
Let o(b) = -5*b**3 + 3*b**2 - 9*b - 2. Let d(i) = 12*i**3 - 5*i**2 + 18*i + 5. Let f(q) = -4*d(q) - 9*o(q). List the prime factors of f(-6).
2, 5, 17
Suppose 3*l + 4*k = 2075, 0 = 5*l - 3*l + k - 1385. Let o = -360 + l. List the prime factors of o.
3, 37
List the prime factors of (-801*57/(-9))/1.
3, 19, 89
Let y(n) = n**3 - 17*n**2 - 39*n + 18. Let p be y(19). Let t be (-4)/(15/(-9) - p). What are the prime factors of (162/12)/(-9) - (-1425)/t?
2, 59
Suppose 4*j - 15256 = -3*c, 0 = -3*c - 6*j + 10*j + 15272. List the prime factors of c.
2, 3, 53
What are the prime factors of (353/(-28) + 96/(-84))/(1/(-268))?
5, 11, 67
Let s(a) = -82*a**2 + 3*a + 6. Let x(k) = -83*k**2 + 2*k + 5. Let j(f) = 4*s(f) - 5*x(f). List the prime factors of j(2).
3, 13
Let p(d) = 35 + 37 - 63 + 2*d + 7*d**2. List the prime factors of p(-8).
3, 7
Let n(o) = 122*o**3 + 74*o**2 + 57*o - 337. What are the prime factors of n(6)?
29021
Let m = 16 - 13. Suppose -2*n + 5*l + 829 = 4*l, 0 = -l - 5. Suppose m*i - n = -i. What are the prime factors of i?
103
Let y(c) = 10*c**2 - 26*c + 20. Suppose 3*w - 5*f = 16, -w - 2*f + 3 + 6 = 0. List the prime factors of y(w).
2, 41
Suppose 2*m = -4*f + 64686, -347*m = -343*m + 5*f - 129375. List the prime factors of m.
5, 6469
Let m be (-3)/8 - (-21)/(-56)*-9. Suppose -m*x + 2439 = 5*t, -29*t = -27*t + x - 976. What are the prime factors of t?
3, 163
Let x(q) = 6*q - 31. Let r(h) = 7*h - 32. Let b(f) = 4*r(f) - 5*x(f). Let p be b(12). What are the prime factors of (1 - (p + 10))*-1?
2, 3
Let b(t) = -15892*t + 639. List the prime factors of b(-1).
61, 271
Suppose 0 = -640*k + 667*k - 2242836. What are the prime factors of k?
2, 19, 1093
Let x = 3948 + 4331. List the prime factors of x.
17, 487
Let l = -33 - -43. Suppose -2*x + 64 = -l*x. Let t(q) = -13*q - 24. List the prime factors of t(x).
2, 5
Let g = -8943 + 19861. What are the prime factors of g?
2, 53, 103
Suppose m - 120 = -3*m. Let u(k) = 2*k**2 - 39*k - 125. What are the prime factors of u(m)?
5, 101
Let j = 288 + -289. List the prime factors of 84/(2 + j/3*3).
2, 3, 7
Suppose -4*w + 2395 = 5*v, -w + 21*v = 24*v - 597. What are the prime factors of w?
2, 3, 5
Let f(a) = -3*a**3 - 14*a**2 - 8*a - 36. Let j be (7 + (-205)/25)/(6/40). List the prime factors of f(j).
2, 167
Let z be 0 + (-23)/(-6) + (-4)/(-24). Suppose z*t - 3*p + 321 = 0, 2*t - 4*p + 88 + 60 = 0. Let y = 189 + t. What are the prime factors of y?
3, 5, 7
Let v = -1913 + 6402. List the prime factors of v.
67
Suppose 0 = 2*m + m - 15, 0 = -u + 4*m - 15. Suppose u*j + 2*b = 5003, -j = 4*b - 1635 + 638. What are the prime factors of j?
7, 11, 13
Let x = -21 - -19. Let t be 1120/(-63) - x/(-9). What are the prime factors of ((-36)/t)/(2/(1*6))?
2, 3
Let i(o) = -o**3 - 30*o**2 + 30*o - 23. Let k be i(-31). List the prime factors of 122/((-31)/k + 4).
2, 61
Let o(p) = 21*p**2 - 61*p + 164. Let y(j) = 7*j**2 - 21*j + 54. Let d(s) = 4*o(s) - 11*y(s). What are the prime factors of d(-13)?
2, 7, 101
Let t be 12/7 + (-4)/(-14). Suppose -2*c - 206 - 402 = -2*l, -3*c + 603 = t*l. Suppose 3*p = -p - 3*u + 397, 4*u - l = -3*p. List the prime factors of p.
97
Let b(t) = -37*t + 1019. Let h be b(26). Let o = -73 + 52. Let g = h + o. List the prime factors of g.
2, 3
Let w(r) = -r**3 - 20*r**2 - 41*r - 12. Let q be w(-17). Let g = q + 312. List the prime factors of g.
2, 5, 13
Let b be (-2)/(-2 - 3/(-2)). Suppose 0 = -b*l + 2*m + 1508, -2*l - 3*m = m - 774. What are the prime factors of l?
379
Let l be 5 + (-105)/20 - 18/(-8). Suppose -2*c = l*r - 4*c - 1884, -r + 5*c + 942 = 0. What are the prime factors of r?
2, 3, 157
Let z = 1043 - -338. Let u = 